8
Calculate the greatest common divisor of 155172 and 3304353.
579
Calculate the highest common factor of 16016 and 7436.
572
What is the highest common divisor of 1095597 and 228?
57
Calculate the highest common divisor of 538256 and 64.
16
What is the highest common factor of 13843090 and 380?
10
Calculate the greatest common divisor of 448 and 173651520.
448
What is the highest common factor of 32 and 63653584?
16
Calculate the highest common factor of 2688 and 133854.
42
Calculate the highest common factor of 2520 and 642700.
20
What is the highest common factor of 84 and 3986094?
42
What is the highest common factor of 208886 and 524127?
239
Calculate the greatest common divisor of 66 and 16601016.
6
Calculate the highest common factor of 20 and 50005720.
20
Calculate the greatest common divisor of 25214008 and 34344.
424
What is the highest common divisor of 353556 and 12?
12
Calculate the highest common divisor of 138113745 and 330.
165
Calculate the highest common divisor of 30433 and 98449.
13
Calculate the highest common divisor of 40623 and 19206.
33
What is the greatest common factor of 246092 and 293678?
154
What is the greatest common divisor of 38 and 83132771?
19
What is the greatest common divisor of 92161040 and 3504?
1168
What is the greatest common factor of 41931108 and 2916?
972
What is the greatest common factor of 1865 and 3665?
5
What is the highest common divisor of 2129239 and 16576?
259
Calculate the highest common factor of 15933 and 592341.
141
Calculate the highest common divisor of 81451 and 2491.
47
Calculate the greatest common divisor of 388020 and 1054344.
2676
What is the highest common divisor of 58 and 152727166?
58
What is the highest common divisor of 8505 and 351145?
5
What is the highest common divisor of 279232 and 156992?
64
What is the greatest common factor of 2927856 and 1356?
12
What is the highest common factor of 4316097 and 57?
57
Calculate the greatest common factor of 830479 and 313625.
2509
What is the greatest common factor of 1547 and 3946033?
91
Calculate the greatest common divisor of 4853379 and 3819.
57
Calculate the greatest common factor of 216771333 and 1179.
393
Calculate the highest common factor of 293094 and 572850.
342
What is the highest common divisor of 4158 and 10787040?
594
Calculate the greatest common divisor of 580 and 11028874.
58
Calculate the greatest common divisor of 24 and 1068003336.
24
Calculate the highest common divisor of 1811640 and 143665.
2435
Calculate the highest common divisor of 2086863 and 33.
3
What is the highest common factor of 123 and 673555872?
123
What is the greatest common divisor of 2927 and 112592909?
2927
Calculate the highest common divisor of 68780 and 849110.
190
What is the greatest common divisor of 480365 and 31515?
955
What is the highest common divisor of 5920850 and 5290?
10
What is the highest common factor of 201088 and 7041222?
3142
What is the greatest common divisor of 168 and 6867832?
8
What is the greatest common divisor of 25996855 and 18855?
2095
Calculate the highest common divisor of 711482 and 10626.
46
Calculate the highest common divisor of 22 and 27888718.
22
Calculate the greatest common divisor of 76512830 and 394.
394
Calculate the greatest common factor of 317712626 and 23562.
2618
Calculate the greatest common factor of 44 and 27773647.
11
What is the highest common factor of 5695697 and 1071?
119
What is the greatest common factor of 770 and 3240006?
154
What is the highest common divisor of 25 and 1518850075?
25
What is the greatest common factor of 8640 and 16308?
108
Calculate the highest common factor of 156 and 3827759.
13
What is the greatest common divisor of 62349557 and 17?
17
What is the highest common factor of 624 and 9967824?
48
Calculate the highest common divisor of 320 and 27009280.
320
What is the greatest common factor of 87 and 2123808591?
87
Calculate the greatest common divisor of 17050 and 55215743.
341
What is the highest common factor of 16492 and 3080014?
266
What is the greatest common divisor of 1565031 and 44187?
39
Calculate the highest common factor of 3302 and 1026142.
26
What is the highest common divisor of 376784 and 1528?
8
What is the greatest common factor of 2457 and 10314213?
273
What is the greatest common divisor of 1266 and 60076131?
633
What is the greatest common divisor of 271273519 and 94?
47
What is the highest common factor of 243 and 4272507?
81
Calculate the greatest common divisor of 1248 and 140547264.
1248
What is the highest common factor of 40861085 and 47645?
3665
What is the greatest common factor of 219144 and 82248?
552
Calculate the highest common divisor of 4531390 and 119160.
3310
Calculate the highest common factor of 52243 and 62222.
587
What is the highest common divisor of 40896817 and 39?
13
Calculate the highest common factor of 64 and 293594.
2
Calculate the greatest common divisor of 162 and 172287.
81
What is the greatest common factor of 132022 and 89678944?
12002
What is the greatest common divisor of 8799272 and 6784?
424
What is the highest common factor of 989820 and 432?
108
What is the highest common factor of 272 and 5003848?
136
Calculate the greatest common factor of 28255474 and 52.
26
What is the greatest common divisor of 7599561 and 969?
51
Calculate the greatest common divisor of 309 and 873695646.
309
What is the highest common divisor of 770916201 and 913?
913
Calculate the greatest common divisor of 108 and 102320118.
54
Calculate the greatest common divisor of 12887580 and 135.
15
What is the highest common divisor of 5098 and 6498186092?
5098
Calculate the highest common factor of 90923440 and 8720.
8720
Calculate the highest common divisor of 12 and 456634148.
4
Calculate the highest common factor of 3434 and 1901450.
34
Calculate the greatest common factor of 357053 and 284869.
1289
Calculate the greatest common divisor of 13 and 168869844.
13
What is the highest common factor of 37201920 and 50170?
1730
Calculate the highest common divisor of 1404 and 436476.
12
What is the highest common divisor of 18086107 and 39?
13
Calculate the greatest common factor of 10884 and 23982.
6
Calculate the highest common divisor of 670 and 47706345.
335
What is the greatest common factor of 4695112 and 20116?
188
What is the highest common factor of 23 and 123602989?
23
Calculate the highest common divisor of 400 and 2857700.
100
Calculate the greatest common factor of 2739369 and 54723.
3219
What is the greatest common divisor of 37 and 311584?
1
What is the greatest common divisor of 36372 and 11935212?
5196
What is the highest common divisor of 19 and 28818649?
19
Calculate the highest common factor of 1196 and 346501532.
1196
Calculate the highest common divisor of 19561 and 2338486.
631
What is the greatest common divisor of 47 and 6859603?
47
What is the highest common factor of 9374640 and 2748?
12
What is the greatest common factor of 105262394 and 380?
38
Calculate the highest common factor of 297654 and 98.
14
What is the highest common factor of 12177 and 30873?
123
Calculate the highest common factor of 96630 and 7020.
30
Calculate the highest common factor of 135939908 and 9386.
494
Calculate the highest common divisor of 2249254932 and 24.
12
Calculate the greatest common divisor of 208867 and 3553.
19
What is the highest common divisor of 525 and 60366705?
105
Calculate the greatest common factor of 271321 and 2368.
37
Calculate the greatest common divisor of 307457 and 4264499.
2347
Calculate the greatest common divisor of 10485 and 57345.
15
What is the highest common factor of 3740761 and 33704?
383
What is the highest common factor of 57852 and 528984?
36
Calculate the greatest common factor of 125 and 11821550.
25
What is the greatest common factor of 144 and 38870712?
72
What is the highest common divisor of 81 and 109876257?
81
Calculate the highest common factor of 2234970 and 218880.
1710
What is the greatest common factor of 160271950 and 10?
10
Calculate the greatest common factor of 45 and 61083225.
45
What is the greatest common divisor of 467963890 and 970?
970
Calculate the greatest common divisor of 825949 and 529147.
1499
Calculate the highest common divisor of 4393204 and 20.
4
What is the grea